 + 117. Calculate the remainder when m(-71) is divided by 106.
82
Let p(l) = l**3 - 6*l**2 - 3*l + 44. Let x(u) = -u**2 - 9*u - 3. What is the remainder when x(-6) is divided by p(5)?
3
Let z = -289 - -291. Calculate the remainder when 10 is divided by z.
0
Suppose -q - 2*q = -12. Suppose z - 6 = -5*k, q*k - 2*z + 3*z = 4. Suppose -2*h = k*h - 100. Calculate the remainder when 98 is divided by h.
23
Let f(v) = -31*v + 147. What is the remainder when f(-5) is divided by 145?
12
Let c = -9 + 17. What is the remainder when 5*((-1)/2 - (-305)/50) is divided by c?
4
Let y = 57 + -54. Suppose 92 = c + y*c. Calculate the remainder when c is divided by 4.
3
Let i(g) = -g**3 - 4*g**2 - g - 1. Let b be i(-4). What is the remainder when (-46)/(-3) + (-1)/b is divided by (1 - 1 - 1) + 9?
7
Suppose 2*z - 91 = -5*g, 4*g = -0*g - 5*z + 83. Let o = -14 + g. Suppose -7 = -s + o. What is the remainder when s is divided by 4?
2
Suppose -5 = -15*t + 85. What is the remainder when 15 is divided by t?
3
Let m(k) = -9*k - 50. Let v be m(-7). Let p(q) = q**3 - 11*q**2 - 24*q - 17. What is the remainder when 25 is divided by p(v)?
7
Let o be (-10)/(-45) + (-4)/18. Suppose 0 = -o*u - u + 10. Suppose -38*i + 43*i - 4*x - 77 = 0, -5*i = 3*x - 91. What is the remainder when i is divided by u?
7
Suppose 5*o = s - 39, 5*s + 20*o - 17*o - 279 = 0. What is the remainder when 1294 is divided by s?
52
Suppose 0 = -5*k - 75 + 200. Suppose 4*v + 5*h = 2*h + 48, -4*h + 34 = 2*v. What is the remainder when k is divided by v?
7
Let p(a) = -a**2 - 12*a + 15. Let z = 96 + -44. Suppose d + 3*d = -z. Calculate the remainder when p(d) is divided by 1.
0
Suppose 2*n - 3*t - 2*t - 37 = 0, 3*n - 46 = -2*t. Calculate the remainder when 333 is divided by n.
13
Suppose 13*k - 18*k = -50. Suppose -5*h + 226 = 4*o, k - 40 = -h + 3*o. Suppose -5*l + 2*l = -h. Calculate the remainder when 26 is divided by l.
12
Let g(x) = 529*x + 1624. What is the remainder when g(-3) is divided by (-38)/6*6/(-2)?
18
Let w = -294 - -306. Let z = 45 - 19. Suppose 0 = -2*b + 4*u + z, 0*b - b - 2 = 3*u. Calculate the remainder when w is divided by b.
5
Suppose -5*n = -2*v - 9*n + 160, -4*v - 4*n = -312. What is the remainder when v is divided by 6/(-9)*30/(-1)?
16
Let j(z) = 27*z. Let k be ((-4)/6)/(2/3). Let p be j(k). Let y = p + 43. What is the remainder when 46 is divided by y?
14
Let i be 26*(3/(-6) - -1). Suppose i - 4 = 3*k. Suppose -k*w + 65 = 5*s, -3*s = -10*w + 5*w - 39. What is the remainder when 48 is divided by s?
9
Let c(w) = -w**3 - w**2 - w. Let x(t) = 2*t**3 - 2*t**2 + 16*t + 9. Let r(d) = -3*c(d) - x(d). Calculate the remainder when 129 is divided by r(-6).
30
Let l = -357 + 371. Let o be 6/(2/(-4)*-2). Suppose x - 2 = o. What is the remainder when l is divided by x?
6
Suppose 18*n = 5*n + 1066. What is the remainder when 395 is divided by n?
67
Suppose -o + 229 + 47 = -3*c, -3*c - 549 = -2*o. Calculate the remainder when o is divided by 23.
20
Let d(k) = -k**3 - 4*k**2 + 4*k + 18. Calculate the remainder when d(-6) is divided by 17.
15
Let h = 214 + -23. Suppose 66 - h = -5*g. Let v = 14 - 1. Calculate the remainder when g is divided by v.
12
Let y(l) = -l + 3. Let c be y(2). Let x(f) = 22*f**2 + 2*f - 1. Suppose -3*k + 43 = 2*n, 5*n + 0*n = 10. Calculate the remainder when x(c) is divided by k.
10
Let n = 440 + -393. What is the remainder when 142 is divided by n?
1
Let m(v) = v**3 + v. Let w be m(1). Suppose -5*o + w*o = -12. What is the remainder when 10 is divided by o?
2
Suppose 0*v + 66 = 3*k + 2*v, -4*k = 2*v - 88. Let x = 84 + k. What is the remainder when x is divided by 36?
34
Suppose 3*c - 171 = 2*k, -5*c - 2*k = -5*k - 286. Suppose u - 64 = -3*u. Calculate the remainder when c is divided by u.
11
Suppose -36*m + m = -6685. What is the remainder when m is divided by 16?
15
Suppose -3*h + 592 = 21*x - 16*x, -2*h = -3*x + 359. Calculate the remainder when x is divided by 10.
9
Let z be 1/1 + 13*-2. Let f = z + 47. Suppose -126 = 4*v - 7*v. Calculate the remainder when v is divided by f.
20
Suppose 14 + 109 = -3*r. Let c = r - -22. Let b = -16 - c. What is the remainder when 8 is divided by b?
2
Suppose 4*l - 209 = -5*v, -2*v - 2*l - 20 + 104 = 0. Calculate the remainder when 367 is divided by v.
39
Let o = -342 - -369. What is the remainder when 107 is divided by o?
26
Suppose 4*u + 3*q = -q + 88, -110 = -5*u + q. What is the remainder when 174 is divided by u?
20
Suppose 4*u - 388 = 124. What is the remainder when u is divided by 33?
29
Suppose 101*s = 98*s + 15. Let z(n) = n + 5. Calculate the remainder when z(0) is divided by s.
0
Let r be (16/(-20))/(8/20). Let z be 3/(-9) + (-34)/(-3). Let x = r + z. What is the remainder when x is divided by 5?
4
Suppose 39 + 0 = 2*u - 5*h, 30 = u + h. What is the remainder when u is divided by 12?
3
Suppose -5*l + 8*l - 2*m - 118 = 0, -4*l + 155 = -5*m. Calculate the remainder when l is divided by 24.
16
Let c(k) = k**3 + 8*k**2 + 13*k. Calculate the remainder when 61 - (2 - 1 - -1) is divided by c(-4).
11
Suppose -3*d + 15 = 3*i - 0*d, -4*d = -5*i + 16. Let k(p) = -p**3 - 7*p**2 + 6*p - 3. What is the remainder when k(-8) is divided by i?
1
Calculate the remainder when (-774)/(-12) - (-4)/(-8) is divided by 26.
12
Suppose 0 = -3*z - 2*z + 80. Let w(f) = f**2 + 3*f + 47. Calculate the remainder when w(0) is divided by z.
15
Let v = 319 - 299. Calculate the remainder when 98 is divided by v.
18
Suppose -17*s + 237 = -698. Calculate the remainder when s is divided by 8.
7
Let k(b) = -b**3 - 7*b**2 - 12*b. What is the remainder when k(-6) is divided by 19?
17
Let a = 17 - 7. Suppose 41 = s - 2*f, -2*f = -2*s + 7*f + 87. Calculate the remainder when s is divided by a.
9
Let x(z) = z**2 - 6*z - 10. Let b be x(8). What is the remainder when -1 - 8*(-69)/b is divided by 24?
19
Let r = 109 - 7. Let t be 5/4*(-4)/(-1). Suppose t*b = 53 + r. What is the remainder when b is divided by 16?
15
Suppose 0 = z - 2*f - 21, -2*f + f + 6 = z. Let i(c) = c**3 - 4*c**2 + c - 1. Let h = -9 - -13. Calculate the remainder when z is divided by i(h).
2
Suppose 517 + 19 = 2*t + 3*s, s + 552 = 2*t. What is the remainder when t is divided by 28?
22
Let l(f) = -13*f + 5. Let n be 1/(428/212 + -2) - -2. Calculate the remainder when l(-4) is divided by 10/6 + n/3.
17
Let k(l) = 11*l**2 + 73*l + 263. Calculate the remainder when 3820 is divided by k(-4).
145
Let o be 2 - (-2 + 2) - -2. Let b(j) = 5*j**2 - 6*j - 8. Calculate the remainder when b(o) is divided by 17.
14
Let b be ((-2)/(-4))/(3/(-522)). Let v = -52 - b. Calculate the remainder when v is divided by 12.
11
Let u(y) be the first derivative of 2*y**3/3 - 3*y**2 + y - 9. Calculate the remainder when u(5) is divided by 9 - (3 - 1) - -1.
5
Let h = -1803 + 2113. What is the remainder when h is divided by 23?
11
Suppose 3*k = -3*k. Suppose k = -2*c - 5*b + 32, 3*c - 7*c = 5*b - 74. Let y(v) = v**2 - 3*v - 2. Calculate the remainder when c is divided by y(5).
5
Suppose -58*o = 7*o - 1040. What is the remainder when 58 is divided by o?
10
Let a(q) = 13*q + 1. Let o be a(-4). Let m = 16 - o. What is the remainder when m is divided by 23?
21
Let j = 210 - 204. What is the remainder when j is divided by 4/14 + 12/7?
0
Let z(n) = -12*n - 104. Calculate the remainder when z(-10) is divided by 11.
5
Let j(u) = -11*u**2 + 4*u**3 + 0*u**3 + 10 + 9*u - 3*u**3 + 0*u**3. Let q be j(10). Suppose q = -3*d + 21 - 15. What is the remainder when d is divided by 2?
0
Suppose 0 = n - 2*p - 95, 0 = 3*p - 7*p - 20. Let g = 2 - -15. What is the remainder when 18 is divided by n/g*(2 - 1)?
3
Suppose b + g = -g + 23, 2*b - 19 = 5*g. Let p(r) = r**3 + 7*r + 7*r**2 + 10*r**2 + 1 - 5*r**2 - r**2. Calculate the remainder when p(-10) is divided by b.
14
Let w = 2619 + -2441. What is the remainder when w is divided by 3?
1
Let j(t) = -647*t + 687. Suppose 19 = d - 4*r, 4*d = -3*r + 2*r + 25. What is the remainder when j(1) is divided by d?
5
Let b(f) = -f**3 + 4*f**2 + f + 6. Let m be b(-3). Calculate the remainder when 12/9*m/4 is divided by (-26)/(-4) - (-3)/(-6).
4
Calculate the remainder when (-3116)/(-123)*33*1 is divided by 9.
8
Suppose f = 4*f + 33. Let u = 68 - f. Calculate the remainder when u is divided by 16.
15
Calculate the remainder when 